1141. Suppose -4*s + 89 = -o, 3*o + i = 5*s + 57. Calculate the remainder when s is divided by j.
5
Suppose -4*x + 8 = 0, 26 = 2*h - 3*x - 24. What is the remainder when 125 is divided by h?
13
Suppose 24 = 2*t + 4*b, t - 5*b = -0*t + 33. Let v(y) = -y**2 + 18*y + 14. What is the remainder when 37 is divided by v(t)?
9
Suppose 9 = 3*a, -12*w + a = -7*w - 7. Suppose -85 = -2*x + 95. Suppose x = 7*t - 2*t - 2*h, -h = -w*t + 35. What is the remainder when 38 is divided by t?
18
Let r = -640 + 658. What is the remainder when 52 is divided by r?
16
Suppose 202*y = -3*t + 203*y + 270, -360 = -4*t + y. Calculate the remainder when 1077 is divided by t.
87
What is the remainder when 127 is divided by 13 - (-2 + -2 + 1)?
15
Let n(a) = 4*a**3 - 10*a**2 - 4*a - 2. Calculate the remainder when n(4) is divided by 31.
16
Calculate the remainder when 6 is divided by (-1 - -11) + (-6 - -1).
1
Suppose 0*q = 4*q - 2*i, -q = i. Suppose q = -h - 0 + 4. Suppose -4*m = h*w - 3*m - 49, 0 = -5*w + 3*m + 57. What is the remainder when w is divided by 7?
5
Suppose 27 = 5*v - 2*v. Suppose 0 = 2*b - 4*j - 6, 4*j + 9 = 2*b + b. Suppose 4 = 4*n, b*n = -5*d - 7 + 175. Calculate the remainder when d is divided by v.
6
Suppose 1118 + 3091 = 4*q + a, -2*q + 2091 = 5*a. Calculate the remainder when q is divided by 96.
93
Let a = 105 - 29. What is the remainder when a is divided by 21?
13
Let b = 357 - 226. What is the remainder when b is divided by 33?
32
Let b = -843 - -851. What is the remainder when 61 is divided by b?
5
Let q(z) = -z**2 - z + 1. Let c(v) = 0 - 44*v**2 + 2 + 48*v**2. Let m(d) = c(d) + 3*q(d). Calculate the remainder when 12 is divided by m(3).
2
Suppose -5*y - 2*w - 20 = 0, -4*y + 5*y - 5*w = 23. What is the remainder when 55 is divided by 3/y + 976/32?
26
Suppose 28*i - 189 = 19*i. Calculate the remainder when i is divided by 8.
5
Let i(r) be the third derivative of r**5/60 + 5*r**4/12 + 17*r**3/3 - 15*r**2. Calculate the remainder when 48 is divided by i(-7).
9
Let f = 1418 + -1362. Calculate the remainder when 140 is divided by f.
28
Suppose 0 = 3*d + 5*q - 606, -912 + 104 = -4*d + q. What is the remainder when d is divided by 59?
25
What is the remainder when 174 is divided by (8/(-3))/(12 - 876/72)?
14
Suppose 24 = k + 2*v, 4*k - 56 = -3*v + 5*v. Suppose 5*a = 2*q - 149, -q + 0*q = 2*a - 79. Calculate the remainder when q is divided by k.
13
Let n = -1012 + 1065. What is the remainder when n is divided by 20?
13
Suppose -66 = 8*b - 11*b. Calculate the remainder when 12 is divided by -3 + (-30)/165 + 180/b.
2
Let t = -10 - -20. Suppose -t = u - 56. Let i = u + -18. What is the remainder when i is divided by 15?
13
Let w(v) = v**2 - 13*v - 9. Let t be w(13). Let a = -4 + -10. Let b = t - a. Calculate the remainder when 22 is divided by b.
2
Let c = -92 + 155. Suppose -4*h - x = x - 90, -3*x + 47 = 2*h. Calculate the remainder when c is divided by h.
19
Let m(y) = 2*y**2 + 3*y. Let p be m(-2). Suppose p*s - 5*w + 6 - 23 = 0, 3*w - 27 = -5*s. Calculate the remainder when (-1)/1*20/(-2) is divided by s.
4
Let p be (3 + -7 - -2) + 816. Suppose 0 = r - p - 1016. Calculate the remainder when r/50 + 2/5 is divided by 10.
7
Let i(r) = 19*r**3 - 2*r + 1. Let p be i(1). Let n be -1*(1 - 3)*p. Let j = n + -19. What is the remainder when j is divided by 5?
2
Let c = 931 - 855. Calculate the remainder when 140 is divided by c.
64
Suppose 0 = -3*c - 12 - 51. Let b = -63 - -53. Let h = b - c. What is the remainder when 21 is divided by h?
10
Let s(d) = -d**2 + 8*d - 3. Let h be s(7). Suppose 3*a - 173 = 5*g, -a - h + 47 = 2*g. Calculate the remainder when a is divided by 18.
15
Let q = -4 + 8. Suppose 4 = -3*a - 2*f, -2*a + 3*f = -0*a + 7. What is the remainder when q is divided by ((-3)/(-2)*a)/(-1)?
1
Let v(x) = x - 7. Let i be v(8). Suppose -5 - i = -3*l. Suppose s + 2 = -2*t, -2*s + t = -l*t - 31. What is the remainder when 29 is divided by s?
5
Let i(n) = n. Suppose 7*t = 216 - 167. Calculate the remainder when t is divided by i(3).
1
Let b be (696/30)/(2/10). Suppose 3*t = 332 - 83. Let q = b - t. Calculate the remainder when q is divided by 18.
15
Suppose 0 = 3*o + o - 440. Suppose -o = -2*q - 3*q. What is the remainder when 131 is divided by q?
21
Let m be (-1*60)/(14/14). Let g = m - -103. Calculate the remainder when g is divided by 9.
7
Let c(g) = 6*g**3 - 3*g**2 - 18*g + 64. What is the remainder when c(4) is divided by 7?
6
Suppose -16*t = -19*t - 33. Let a = t + 43. What is the remainder when a is divided by 18?
14
Let g(f) = -440*f - 13 - 448*f + 891*f + f**2. Suppose 0 = 5*b - 5*y - 40, -2*b - 2*y = -13 + 5. What is the remainder when g(b) is divided by 15?
11
Let m(p) = -11*p**3 + p**2. Let o(f) = -f**2 + 6*f + 4. Let x be o(5). Suppose 2 = g, -2*c + x = -5*c + 3*g. Calculate the remainder when 35 is divided by m(c).
11
Suppose 588 = -28*x + 35*x. Calculate the remainder when x is divided by 19.
8
Suppose 3*r - 3*l + 226 = 5*r, 3*r - 369 = 3*l. What is the remainder when r is divided by 26?
15
What is the remainder when (-2)/14 + (-5 - (-4232)/28) is divided by 15?
11
Suppose 20*l = 46*l - 41106. What is the remainder when l is divided by 113?
112
Let d = 133 + -34. Suppose 34 = y - 0. Calculate the remainder when d is divided by y.
31
Let z be (-9)/(-6)*(-5)/((-30)/1048). Suppose -3*w + z = 22. Calculate the remainder when w is divided by 28.
24
Let c(f) = 2*f**3 + 35*f**2 + 27*f + 191. What is the remainder when 273 is divided by c(-17)?
0
Let x = 236 - 192. What is the remainder when 174 is divided by x?
42
Let j = -358 + 366. Calculate the remainder when 35 is divided by j.
3
Suppose -q - k = -3*q + 1, 0 = -2*q - 3*k + 13. Suppose m + 4*v - 29 = -2, 3*m = 2*v + 25. What is the remainder when m is divided by q?
1
Suppose b + 100 = 21*b. What is the remainder when b is divided by 1?
0
Suppose -14 = -4*y - 3*y. Calculate the remainder when 35 is divided by (-2)/(y/(-7)) + 3.
5
What is the remainder when (-1 - -10)*(-2 + 45/5) is divided by 13?
11
Let o = 710 - 591. Calculate the remainder when o is divided by 33.
20
Suppose -252 = 2*r - 324. Let g = 24 - 11. What is the remainder when r is divided by g?
10
Suppose 16*l - 182 = 2*l. Let g = 7 - 3. Suppose -h + 41 = -0*h - 4*m, -g*m = h - 57. What is the remainder when h is divided by l?
10
Suppose 2*x + 2*z + 4 - 18 = 0, -68 = -4*x + 4*z. Let h be -3*(232/x - -2). Let w = 119 + h. Calculate the remainder when w is divided by 14.
13
Let q(l) = -l**2 - 2*l + 5. Let u be q(-3). What is the remainder when (u/4)/(2/148) is divided by 10?
7
Let a(h) = -h**2 + 9*h. What is the remainder when (12 - -56) + 6/2 is divided by a(6)?
17
Let s = -510 - -674. What is the remainder when s is divided by 25?
14
Suppose -17 - 7 = -t. Suppose -5*c + 4*b = -3*c - 26, -2*b - 65 = -5*c. Calculate the remainder when t is divided by c.
11
Let z(j) = -6*j - 20. Let i be (-1)/8 - 316/32. Suppose -5*h = x - 2*h - 2, -4*h = -4*x + 72. What is the remainder when z(i) is divided by x?
12
Suppose 2*k - 98 = -4*a - 26, 0 = -3*k + 12. Let l(m) = -2*m + 2. Let u = -10 - -8. Calculate the remainder when a is divided by l(u).
4
Suppose 0 = 30*h - 592 - 2348. What is the remainder when 277 is divided by h?
81
Let d = 38 + -31. Suppose 224 - 35 = d*w. Calculate the remainder when w is divided by 20.
7
Let i(h) = h**2 - 4*h + 9. Let v = -15 + 26. Suppose -2*s - 2*x = 4, -5*s + 2*s = 4*x + v. Calculate the remainder when 22 is divided by i(s).
4
Let p = -493 + 513. Calculate the remainder when 157 is divided by p.
17
Let m = 1 + 9. Suppose 0 = 3*c - 5*c + 116. Let r = c - 19. Calculate the remainder when r is divided by m.
9
Calculate the remainder when (-743)/(-2) - (-2)/24*-6 is divided by 22.
19
Suppose -2*c = -11 - 5. Suppose c*u - 84 = 172. Let i = u + -12. What is the remainder when 79 is divided by i?
19
Let u = -2695 + 2726. What is the remainder when 550 is divided by u?
23
Let l be (5 - -3)*20/2. Suppose -3*i + 1 = -l. Calculate the remainder when i is divided by 16.
11
Suppose 0 = f + 7*u - 5*u - 174, -918 = -5*f + 2*u. Calculate the remainder when f is divided by 13.
0
Suppose z + 3*z = -4*g + 24, 9 = 3*g. Suppose 2*r + 33*r - 61 = 114. What is the remainder when r is divided by z?
2
Suppose -3*f - 3 = 0, -4*p + 3*f = -219 - 4